Dec 03 06:18:07.250 INFO testing hamlrs-0.4.2 against master#8940af3cea4a9a9deabcaf843b2f8cad9a83fc61 for beta-1.31-5
Dec 03 06:18:07.250 INFO running `"docker" "create" "-v" "/mnt/big/crater/work/local/target-dirs/beta-1.31-5/worker-1/master#8940af3cea4a9a9deabcaf843b2f8cad9a83fc61:/target:rw,Z" "-v" "/mnt/big/crater/work/local/test-source/worker-1/beta-1.31-5/master#8940af3cea4a9a9deabcaf843b2f8cad9a83fc61:/source:ro,Z" "-v" "/mnt/big/crater/work/local/cargo-home:/cargo-home:ro,Z" "-v" "/mnt/big/crater/work/local/rustup-home:/rustup-home:ro,Z" "-e" "USER_ID=1000" "-e" "SOURCE_DIR=/source" "-e" "USER_ID=1000" "-e" "CMD=cargo +8940af3cea4a9a9deabcaf843b2f8cad9a83fc61-alt build --frozen" "-e" "CARGO_TARGET_DIR=/target" "-e" "CARGO_INCREMENTAL=0" "-e" "RUST_BACKTRACE=full" "-e" "RUSTFLAGS=--cap-lints=warn" "-e" "CARGO_HOME=/cargo-home" "-e" "RUSTUP_HOME=/rustup-home" "-m" "1536M" "--network" "none" "crater"`
Dec 03 06:18:07.543 INFO [stdout] 4596cd0c7e9c2a6def3d6283d12edf85253d12aa08ae2ab3ee9be9993cc357d4
Dec 03 06:18:07.545 INFO running `"docker" "start" "-a" "4596cd0c7e9c2a6def3d6283d12edf85253d12aa08ae2ab3ee9be9993cc357d4"`
Dec 03 06:18:08.285 INFO [stderr] usermod: no changes
Dec 03 06:18:08.411 INFO [stderr]    Compiling hamlrs v0.4.2 (/source)
Dec 03 06:18:09.202 INFO [stderr] warning: value assigned to `token` is never read
Dec 03 06:18:09.202 INFO [stderr]   --> src/parser.rs:71:17
Dec 03 06:18:09.202 INFO [stderr]    |
Dec 03 06:18:09.202 INFO [stderr] 71 |         let mut token: Option<&Token> = None;
Dec 03 06:18:09.202 INFO [stderr]    |                 ^^^^^
Dec 03 06:18:09.202 INFO [stderr]    |
Dec 03 06:18:09.202 INFO [stderr]    = note: #[warn(unused_assignments)] on by default
Dec 03 06:18:09.202 INFO [stderr] 
Dec 03 06:18:09.202 INFO [stderr] warning: value assigned to `class` is never read
Dec 03 06:18:09.202 INFO [stderr]   --> src/parser.rs:86:33
Dec 03 06:18:09.202 INFO [stderr]    |
Dec 03 06:18:09.202 INFO [stderr] 86 |                         let mut class = String::new();
Dec 03 06:18:09.202 INFO [stderr]    |                                 ^^^^^
Dec 03 06:18:09.202 INFO [stderr] 
Dec 03 06:18:09.202 INFO [stderr] warning: value assigned to `id` is never read
Dec 03 06:18:09.202 INFO [stderr]    --> src/parser.rs:101:33
Dec 03 06:18:09.202 INFO [stderr]     |
Dec 03 06:18:09.202 INFO [stderr] 101 |                         let mut id = String::new();
Dec 03 06:18:09.202 INFO [stderr]     |                                 ^^
Dec 03 06:18:09.202 INFO [stderr] 
Dec 03 06:18:09.202 INFO [stderr] warning: value assigned to `value` is never read
Dec 03 06:18:09.202 INFO [stderr]   --> src/scanner.rs:68:25
Dec 03 06:18:09.202 INFO [stderr]    |
Dec 03 06:18:09.202 INFO [stderr] 68 |                 let mut value: Option<Token> = None;
Dec 03 06:18:09.202 INFO [stderr]    |                         ^^^^^
Dec 03 06:18:09.202 INFO [stderr] 
Dec 03 06:18:10.212 INFO [stderr]     Finished dev [unoptimized + debuginfo] target(s) in 1.90s
Dec 03 06:18:10.222 INFO [stderr] su: No module specific data is present
Dec 03 06:18:10.608 INFO running `"docker" "inspect" "4596cd0c7e9c2a6def3d6283d12edf85253d12aa08ae2ab3ee9be9993cc357d4"`
Dec 03 06:18:10.676 INFO running `"docker" "rm" "-f" "4596cd0c7e9c2a6def3d6283d12edf85253d12aa08ae2ab3ee9be9993cc357d4"`
Dec 03 06:18:10.770 INFO [stdout] 4596cd0c7e9c2a6def3d6283d12edf85253d12aa08ae2ab3ee9be9993cc357d4
Dec 03 06:18:10.776 INFO running `"docker" "create" "-v" "/mnt/big/crater/work/local/target-dirs/beta-1.31-5/worker-1/master#8940af3cea4a9a9deabcaf843b2f8cad9a83fc61:/target:rw,Z" "-v" "/mnt/big/crater/work/local/test-source/worker-1/beta-1.31-5/master#8940af3cea4a9a9deabcaf843b2f8cad9a83fc61:/source:ro,Z" "-v" "/mnt/big/crater/work/local/cargo-home:/cargo-home:ro,Z" "-v" "/mnt/big/crater/work/local/rustup-home:/rustup-home:ro,Z" "-e" "USER_ID=1000" "-e" "SOURCE_DIR=/source" "-e" "USER_ID=1000" "-e" "CMD=cargo +8940af3cea4a9a9deabcaf843b2f8cad9a83fc61-alt test --frozen --no-run" "-e" "CARGO_TARGET_DIR=/target" "-e" "CARGO_INCREMENTAL=0" "-e" "RUST_BACKTRACE=full" "-e" "RUSTFLAGS=--cap-lints=warn" "-e" "CARGO_HOME=/cargo-home" "-e" "RUSTUP_HOME=/rustup-home" "-m" "1536M" "--network" "none" "crater"`
Dec 03 06:18:10.959 INFO [stdout] e40ccb117f44a52f390bc92758375154abd6ab428750e855f953e116f49a7d7a
Dec 03 06:18:10.965 INFO running `"docker" "start" "-a" "e40ccb117f44a52f390bc92758375154abd6ab428750e855f953e116f49a7d7a"`
Dec 03 06:18:11.428 INFO [stderr] usermod: no changes
Dec 03 06:18:11.579 INFO [stderr]    Compiling hamlrs v0.4.2 (/source)
Dec 03 06:18:14.083 INFO [stderr] warning: value assigned to `token` is never read
Dec 03 06:18:14.083 INFO [stderr]   --> src/parser.rs:71:17
Dec 03 06:18:14.083 INFO [stderr]    |
Dec 03 06:18:14.083 INFO [stderr] 71 |         let mut token: Option<&Token> = None;
Dec 03 06:18:14.083 INFO [stderr]    |                 ^^^^^
Dec 03 06:18:14.083 INFO [stderr]    |
Dec 03 06:18:14.083 INFO [stderr]    = note: #[warn(unused_assignments)] on by default
Dec 03 06:18:14.083 INFO [stderr] 
Dec 03 06:18:14.083 INFO [stderr] warning: value assigned to `class` is never read
Dec 03 06:18:14.083 INFO [stderr]   --> src/parser.rs:86:33
Dec 03 06:18:14.083 INFO [stderr]    |
Dec 03 06:18:14.083 INFO [stderr] 86 |                         let mut class = String::new();
Dec 03 06:18:14.083 INFO [stderr]    |                                 ^^^^^
Dec 03 06:18:14.083 INFO [stderr] 
Dec 03 06:18:14.083 INFO [stderr] warning: value assigned to `id` is never read
Dec 03 06:18:14.083 INFO [stderr]    --> src/parser.rs:101:33
Dec 03 06:18:14.083 INFO [stderr]     |
Dec 03 06:18:14.083 INFO [stderr] 101 |                         let mut id = String::new();
Dec 03 06:18:14.083 INFO [stderr]     |                                 ^^
Dec 03 06:18:14.083 INFO [stderr] 
Dec 03 06:18:14.083 INFO [stderr] warning: value assigned to `value` is never read
Dec 03 06:18:14.083 INFO [stderr]   --> src/scanner.rs:68:25
Dec 03 06:18:14.083 INFO [stderr]    |
Dec 03 06:18:14.083 INFO [stderr] 68 |                 let mut value: Option<Token> = None;
Dec 03 06:18:14.083 INFO [stderr]    |                         ^^^^^
Dec 03 06:18:14.083 INFO [stderr] 
Dec 03 06:18:16.151 INFO [stderr]     Finished dev [unoptimized + debuginfo] target(s) in 4.71s
Dec 03 06:18:16.171 INFO [stderr] su: No module specific data is present
Dec 03 06:18:17.141 INFO running `"docker" "inspect" "e40ccb117f44a52f390bc92758375154abd6ab428750e855f953e116f49a7d7a"`
Dec 03 06:18:17.608 INFO running `"docker" "rm" "-f" "e40ccb117f44a52f390bc92758375154abd6ab428750e855f953e116f49a7d7a"`
Dec 03 06:18:17.914 INFO [stdout] e40ccb117f44a52f390bc92758375154abd6ab428750e855f953e116f49a7d7a
Dec 03 06:18:17.917 INFO running `"docker" "create" "-v" "/mnt/big/crater/work/local/target-dirs/beta-1.31-5/worker-1/master#8940af3cea4a9a9deabcaf843b2f8cad9a83fc61:/target:rw,Z" "-v" "/mnt/big/crater/work/local/test-source/worker-1/beta-1.31-5/master#8940af3cea4a9a9deabcaf843b2f8cad9a83fc61:/source:ro,Z" "-v" "/mnt/big/crater/work/local/cargo-home:/cargo-home:ro,Z" "-v" "/mnt/big/crater/work/local/rustup-home:/rustup-home:ro,Z" "-e" "USER_ID=1000" "-e" "SOURCE_DIR=/source" "-e" "USER_ID=1000" "-e" "CMD=cargo +8940af3cea4a9a9deabcaf843b2f8cad9a83fc61-alt test --frozen" "-e" "CARGO_TARGET_DIR=/target" "-e" "CARGO_INCREMENTAL=0" "-e" "RUST_BACKTRACE=full" "-e" "RUSTFLAGS=--cap-lints=warn" "-e" "CARGO_HOME=/cargo-home" "-e" "RUSTUP_HOME=/rustup-home" "-m" "1536M" "--network" "none" "crater"`
Dec 03 06:18:18.366 INFO [stdout] ade2568c4c045a9a341e11050920442f8fb53804cb169b1cc05274af138dfb1c
Dec 03 06:18:18.375 INFO running `"docker" "start" "-a" "ade2568c4c045a9a341e11050920442f8fb53804cb169b1cc05274af138dfb1c"`
Dec 03 06:18:19.520 INFO [stderr] usermod: no changes
Dec 03 06:18:19.652 INFO [stderr]     Finished dev [unoptimized + debuginfo] target(s) in 0.11s
Dec 03 06:18:19.670 INFO [stderr]      Running /target/debug/deps/haml-b7d75a4c22211765
Dec 03 06:18:19.675 INFO [stdout] 
Dec 03 06:18:19.675 INFO [stdout] running 38 tests
Dec 03 06:18:19.684 INFO [stdout] test parser::test::test_comment ... ok
Dec 03 06:18:19.685 INFO [stdout] test parser::test::test_doctype ... ok
Dec 03 06:18:19.685 INFO [stdout] test parser::test::test_basic_element ... ok
Dec 03 06:18:19.685 INFO [stdout] test parser::test::test_basic_children ... ok
Dec 03 06:18:19.685 INFO [stdout] test parser::test::test_ruby_attribute ... ok
Dec 03 06:18:19.691 INFO [stdout] test parser::test::test_nested_children ... ok
Dec 03 06:18:19.691 INFO [stdout] test parser::test::test_ruby_attributes ... ok
Dec 03 06:18:19.691 INFO [stdout] test parser::test::test_siblings ... ok
Dec 03 06:18:19.691 INFO [stdout] test parser::test::test_ruby_attributes_with_array ... ok
Dec 03 06:18:19.691 INFO [stdout] test parser::test::test_nested_text ... ok
Dec 03 06:18:19.691 INFO [stdout] test scanner::test::test_element_indentation ... ok
Dec 03 06:18:19.691 INFO [stdout] test scanner::test::test_element_multiple_indentation ... ok
Dec 03 06:18:19.691 INFO [stdout] test scanner::test::test_basic_text ... ok
Dec 03 06:18:19.691 INFO [stdout] test scanner::test::test_element_with_attributes ... ok
Dec 03 06:18:19.691 INFO [stdout] test scanner::test::test_close_paren ... ok
Dec 03 06:18:19.691 INFO [stdout] test scanner::test::test_element_with_multiple_attributes ... ok
Dec 03 06:18:19.691 INFO [stdout] test scanner::test::test_endline ... ok
Dec 03 06:18:19.691 INFO [stdout] test scanner::test::test_at_symbol ... ok
Dec 03 06:18:19.691 INFO [stdout] test scanner::test::test_forwardslash ... ok
Dec 03 06:18:19.691 INFO [stdout] test scanner::test::test_multiple_indentation ... ok
Dec 03 06:18:19.691 INFO [stdout] test scanner::test::test_element ... ok
Dec 03 06:18:19.691 INFO [stdout] test scanner::test::test_open_paren ... ok
Dec 03 06:18:19.691 INFO [stdout] test scanner::test::test_equal ... ok
Dec 03 06:18:19.693 INFO [stdout] test scanner::test::test_multiple_lines ... ok
Dec 03 06:18:19.693 INFO [stdout] test scanner::test::test_multiple ... ok
Dec 03 06:18:19.693 INFO [stdout] test scanner::test::test_hashtag ... ok
Dec 03 06:18:19.693 INFO [stdout] test scanner::test::test_indentation ... ok
Dec 03 06:18:19.693 INFO [stdout] test scanner::test::test_percent_sign ... ok
Dec 03 06:18:19.693 INFO [stdout] test scanner::test::test_multiple_lines_with_indentation ... ok
Dec 03 06:18:19.693 INFO [stdout] test scanner::test::test_quoted_text ... ok
Dec 03 06:18:19.693 INFO [stdout] test scanner::test::test_period ... ok
Dec 03 06:18:19.693 INFO [stdout] test scanner::test::test_windows_endline_with_text ... ok
Dec 03 06:18:19.693 INFO [stdout] test scanner::test::test_windows_endline ... ok
Dec 03 06:18:19.693 INFO [stdout] test scanner::test::test_single_indentation_with_space_later ... ok
Dec 03 06:18:19.693 INFO [stdout] test scanner::test::test_ruby_attribute ... ok
Dec 03 06:18:19.698 INFO [stdout] test scanner::test::test_whitespace ... ok
Dec 03 06:18:19.698 INFO [stdout] test scanner::test::test_ruby_attributes ... ok
Dec 03 06:18:19.698 INFO [stdout] test scanner::test::test_ruby_attributes_with_dictionary ... ok
Dec 03 06:18:19.698 INFO [stdout] 
Dec 03 06:18:19.698 INFO [stdout] test result: ok. 38 passed; 0 failed; 0 ignored; 0 measured; 0 filtered out
Dec 03 06:18:19.698 INFO [stdout] 
Dec 03 06:18:19.699 INFO [stderr]      Running /target/debug/deps/basic_tests-18e9d27791787826
Dec 03 06:18:19.719 INFO [stdout] 
Dec 03 06:18:19.719 INFO [stdout] running 7 tests
Dec 03 06:18:19.772 INFO [stdout] test test_text_with_period ... ok
Dec 03 06:18:19.795 INFO [stdout] test test_custom_elements ... FAILED
Dec 03 06:18:19.803 INFO [stdout] test test_basic_01 ... FAILED
Dec 03 06:18:19.804 INFO [stdout] test test_head_02 ... FAILED
Dec 03 06:18:19.804 INFO [stdout] test test_ruby_attributes ... FAILED
Dec 03 06:18:19.804 INFO [stdout] test test_basic_haml ... FAILED
Dec 03 06:18:19.828 INFO [stdout] test test_comments_03 ... FAILED
Dec 03 06:18:19.828 INFO [stderr] error: test failed, to rerun pass '--test basic_tests'
Dec 03 06:18:19.828 INFO [stdout] 
Dec 03 06:18:19.828 INFO [stderr] su: No module specific data is present
Dec 03 06:18:19.828 INFO [stdout] failures:
Dec 03 06:18:19.828 INFO [stdout] 
Dec 03 06:18:19.828 INFO [stdout] ---- test_custom_elements stdout ----
Dec 03 06:18:19.828 INFO [stdout] thread 'test_custom_elements' panicked at 'assertion failed: `(left == right)`
Dec 03 06:18:19.828 INFO [stdout]   left: `"<!DOCTYPE html>\r\n<div>\r\n<haml>\r\nTest\r\n</haml>\r\n</div>\r\n"`,
Dec 03 06:18:19.828 INFO [stdout]  right: `"<!DOCTYPE html>\n<div>\n<haml>\nTest\n</haml>\n</div>\n"`', tests/basic_tests.rs:8:5
Dec 03 06:18:19.828 INFO [stdout] stack backtrace:
Dec 03 06:18:19.828 INFO [stdout]    0:     0x556a655b3f0f - std::sys::unix::backtrace::tracing::imp::unwind_backtrace::h3a8b83e1922cbdde
Dec 03 06:18:19.828 INFO [stdout]                                at libstd/sys/unix/backtrace/tracing/gcc_s.rs:49
Dec 03 06:18:19.828 INFO [stdout]    1:     0x556a655bcf57 - std::sys_common::backtrace::print::h00d3155a29b4020f
Dec 03 06:18:19.828 INFO [stdout]                                at libstd/sys_common/backtrace.rs:71
Dec 03 06:18:19.829 INFO [stdout]                                at libstd/sys_common/backtrace.rs:59
Dec 03 06:18:19.829 INFO [stdout]    2:     0x556a655b7c3f - std::panicking::default_hook::{{closure}}::hd7465c742e79e1bb
Dec 03 06:18:19.829 INFO [stdout]                                at libstd/panicking.rs:211
Dec 03 06:18:19.829 INFO [stdout]    3:     0x556a655b793e - std::panicking::default_hook::h9e3966f2aa2a6e12
Dec 03 06:18:19.829 INFO [stdout]                                at libstd/panicking.rs:221
Dec 03 06:18:19.829 INFO [stdout]    4:     0x556a655b831e - std::panicking::rust_panic_with_hook::h587f091ae747d080
Dec 03 06:18:19.829 INFO [stdout]                                at libstd/panicking.rs:476
Dec 03 06:18:19.829 INFO [stdout]    5:     0x556a655b7ec1 - std::panicking::continue_panic_fmt::hb3a4fdede87f43a8
Dec 03 06:18:19.829 INFO [stdout]                                at libstd/panicking.rs:390
Dec 03 06:18:19.829 INFO [stdout]    6:     0x556a655b7e0e - std::panicking::begin_panic_fmt::h387afc7da9a10555
Dec 03 06:18:19.829 INFO [stdout]                                at libstd/panicking.rs:345
Dec 03 06:18:19.829 INFO [stdout]    7:     0x556a6552f3f6 - basic_tests::test::hb7f6e58c5e50a3ed
Dec 03 06:18:19.829 INFO [stdout]                                at tests/basic_tests.rs:8
Dec 03 06:18:19.829 INFO [stdout]    8:     0x556a6552f502 - basic_tests::test_custom_elements::hb26bb748293c0075
Dec 03 06:18:19.829 INFO [stdout]                                at tests/basic_tests.rs:18
Dec 03 06:18:19.829 INFO [stdout]    9:     0x556a6552f4c9 - basic_tests::test_custom_elements::{{closure}}::heec87a29210ddaa0
Dec 03 06:18:19.829 INFO [stdout]                                at tests/basic_tests.rs:17
Dec 03 06:18:19.829 INFO [stdout]   10:     0x556a65530afd - core::ops::function::FnOnce::call_once::h7d13dc1ac0adb9b5
Dec 03 06:18:19.829 INFO [stdout]                                at libcore/ops/function.rs:238
Dec 03 06:18:19.829 INFO [stdout]   11:     0x556a65533cae - <F as alloc::boxed::FnBox<A>>::call_box::hac903f91577a156c
Dec 03 06:18:19.829 INFO [stdout]                                at libtest/lib.rs:1468
Dec 03 06:18:19.829 INFO [stdout]                                at libcore/ops/function.rs:238
Dec 03 06:18:19.829 INFO [stdout]                                at liballoc/boxed.rs:672
Dec 03 06:18:19.829 INFO [stdout]   12:     0x556a655c7f09 - __rust_maybe_catch_panic
Dec 03 06:18:19.829 INFO [stdout]                                at libpanic_unwind/lib.rs:102
Dec 03 06:18:19.829 INFO [stdout]   13:     0x556a65555902 - std::sys_common::backtrace::__rust_begin_short_backtrace::hb8f0d0309526c184
Dec 03 06:18:19.829 INFO [stdout]                                at libstd/panicking.rs:289
Dec 03 06:18:19.829 INFO [stdout]                                at libstd/panic.rs:392
Dec 03 06:18:19.829 INFO [stdout]                                at libtest/lib.rs:1423
Dec 03 06:18:19.829 INFO [stdout]                                at libstd/sys_common/backtrace.rs:136
Dec 03 06:18:19.829 INFO [stdout]   14:     0x556a655563b4 - std::panicking::try::do_call::hc2f7c8b9a348d8db
Dec 03 06:18:19.829 INFO [stdout]                                at libstd/thread/mod.rs:409
Dec 03 06:18:19.829 INFO [stdout]                                at libstd/panic.rs:313
Dec 03 06:18:19.829 INFO [stdout]                                at libstd/panicking.rs:310
Dec 03 06:18:19.829 INFO [stdout]   15:     0x556a655c7f09 - __rust_maybe_catch_panic
Dec 03 06:18:19.829 INFO [stdout]                                at libpanic_unwind/lib.rs:102
Dec 03 06:18:19.829 INFO [stdout]   16:     0x556a655435ec - <F as alloc::boxed::FnBox<A>>::call_box::h6bfded618e480b32
Dec 03 06:18:19.829 INFO [stdout]                                at libstd/panicking.rs:289
Dec 03 06:18:19.829 INFO [stdout]                                at libstd/panic.rs:392
Dec 03 06:18:19.829 INFO [stdout]                                at libstd/thread/mod.rs:408
Dec 03 06:18:19.829 INFO [stdout]                                at liballoc/boxed.rs:672
Dec 03 06:18:19.829 INFO [stdout]   17:     0x556a655b5b2d - std::sys_common::thread::start_thread::h4c28257d67cdf9cb
Dec 03 06:18:19.829 INFO [stdout]                                at liballoc/boxed.rs:682
Dec 03 06:18:19.829 INFO [stdout]                                at libstd/sys_common/thread.rs:24
Dec 03 06:18:19.829 INFO [stdout]   18:     0x556a655ab045 - std::sys::unix::thread::Thread::new::thread_start::hfecb2e7eff8fd34f
Dec 03 06:18:19.829 INFO [stdout]                                at libstd/sys/unix/thread.rs:90
Dec 03 06:18:19.829 INFO [stdout]   19:     0x7fe2a77136b9 - start_thread
Dec 03 06:18:19.829 INFO [stdout]   20:     0x7fe2a723341c - clone
Dec 03 06:18:19.829 INFO [stdout]   21:                0x0 - <unknown>
Dec 03 06:18:19.829 INFO [stdout] 
Dec 03 06:18:19.829 INFO [stdout] ---- test_basic_01 stdout ----
Dec 03 06:18:19.829 INFO [stdout] thread 'test_basic_01' panicked at 'assertion failed: `(left == right)`
Dec 03 06:18:19.829 INFO [stdout]   left: `"<!DOCTYPE html>\r\n<html>\r\n<head>\r\n<title>\r\nYour Website\r\n</title>\r\n<meta content=\'\' name=\'description\'>\r\n<meta content=\'\' name=\'author\'>\r\n<meta content=\'3 days\' name=\'revisit-after\'>\r\n<link href=\'http://creativecommons.org/licenses/by/3.0/\' rel=\'license\' title=\'Creative Commons Attribution 3.0 Unported License\'>\r\n<link href=\'/feed\' rel=\'alternate\' title=\'Atom\' type=\'application/atom+xml\'>\r\n<link href=\'/css/screen.css\' media=\'screen\' rel=\'stylesheet\'>\r\n</head>\r\n<body>\r\n<header>\r\n<nav>\r\n<ul>\r\n<li>\r\nMenu Item\r\n</li>\r\n</ul>\r\n</nav>\r\n</header>\r\n<section>\r\n<div class=\'container\'>\r\n<h2>\r\nArticle Title\r\n</h2>\r\n<p>\r\nThis is a test\r\n</p>\r\n</div>\r\n</section>\r\n<footer>\r\n<p>\r\nCopyright 2011 My Name\r\n</p>\r\n</footer>\r\n</body>\r\n</html>\r\n"`,
Dec 03 06:18:19.829 INFO [stdout]  right: `"<!DOCTYPE html>\n<html>\n<head>\n<title>\nYour Website\n</title>\n<meta content=\'\' name=\'description\'>\n<meta content=\'\' name=\'author\'>\n<meta content=\'3 days\' name=\'revisit-after\'>\n<link href=\'http://creativecommons.org/licenses/by/3.0/\' rel=\'license\' title=\'Creative Commons Attribution 3.0 Unported License\'>\n<link href=\'/feed\' rel=\'alternate\' title=\'Atom\' type=\'application/atom+xml\'>\n<link href=\'/css/screen.css\' media=\'screen\' rel=\'stylesheet\'>\n</head>\n<body>\n<header>\n<nav>\n<ul>\n<li>\nMenu Item\n</li>\n</ul>\n</nav>\n</header>\n<section>\n<div class=\'container\'>\n<h2>\nArticle Title\n</h2>\n<p>\nThis is a test\n</p>\n</div>\n</section>\n<footer>\n<p>\nCopyright 2011 My Name\n</p>\n</footer>\n</body>\n</html>\n"`', tests/basic_tests.rs:8:5
Dec 03 06:18:19.829 INFO [stdout] stack backtrace:
Dec 03 06:18:19.829 INFO [stdout]    0:     0x556a655b3f0f - std::sys::unix::backtrace::tracing::imp::unwind_backtrace::h3a8b83e1922cbdde
Dec 03 06:18:19.829 INFO [stdout]                                at libstd/sys/unix/backtrace/tracing/gcc_s.rs:49
Dec 03 06:18:19.829 INFO [stdout]    1:     0x556a655bcf57 - std::sys_common::backtrace::print::h00d3155a29b4020f
Dec 03 06:18:19.829 INFO [stdout]                                at libstd/sys_common/backtrace.rs:71
Dec 03 06:18:19.829 INFO [stdout]                                at libstd/sys_common/backtrace.rs:59
Dec 03 06:18:19.829 INFO [stdout]    2:     0x556a655b7c3f - std::panicking::default_hook::{{closure}}::hd7465c742e79e1bb
Dec 03 06:18:19.829 INFO [stdout]                                at libstd/panicking.rs:211
Dec 03 06:18:19.829 INFO [stdout]    3:     0x556a655b793e - std::panicking::default_hook::h9e3966f2aa2a6e12
Dec 03 06:18:19.829 INFO [stdout]                                at libstd/panicking.rs:221
Dec 03 06:18:19.829 INFO [stdout]    4:     0x556a655b831e - std::panicking::rust_panic_with_hook::h587f091ae747d080
Dec 03 06:18:19.829 INFO [stdout]                                at libstd/panicking.rs:476
Dec 03 06:18:19.829 INFO [stdout]    5:     0x556a655b7ec1 - std::panicking::continue_panic_fmt::hb3a4fdede87f43a8
Dec 03 06:18:19.829 INFO [stdout]                                at libstd/panicking.rs:390
Dec 03 06:18:19.829 INFO [stdout]    6:     0x556a655b7e0e - std::panicking::begin_panic_fmt::h387afc7da9a10555
Dec 03 06:18:19.829 INFO [stdout]                                at libstd/panicking.rs:345
Dec 03 06:18:19.829 INFO [stdout]    7:     0x556a6552f3f6 - basic_tests::test::hb7f6e58c5e50a3ed
Dec 03 06:18:19.829 INFO [stdout]                                at tests/basic_tests.rs:8
Dec 03 06:18:19.829 INFO [stdout]    8:     0x556a6552f5a2 - basic_tests::test_basic_01::h31401bde97ae9ff6
Dec 03 06:18:19.829 INFO [stdout]                                at tests/basic_tests.rs:31
Dec 03 06:18:19.829 INFO [stdout]    9:     0x556a6552f569 - basic_tests::test_basic_01::{{closure}}::h1167e80550cb4f2f
Dec 03 06:18:19.829 INFO [stdout]                                at tests/basic_tests.rs:30
Dec 03 06:18:19.829 INFO [stdout]   10:     0x556a65530bfd - core::ops::function::FnOnce::call_once::hf237072107a6cde1
Dec 03 06:18:19.829 INFO [stdout]                                at libcore/ops/function.rs:238
Dec 03 06:18:19.829 INFO [stdout]   11:     0x556a65533cae - <F as alloc::boxed::FnBox<A>>::call_box::hac903f91577a156c
Dec 03 06:18:19.829 INFO [stdout]                                at libtest/lib.rs:1468
Dec 03 06:18:19.829 INFO [stdout]                                at libcore/ops/function.rs:238
Dec 03 06:18:19.829 INFO [stdout]                                at liballoc/boxed.rs:672
Dec 03 06:18:19.830 INFO [stdout]   12:     0x556a655c7f09 - __rust_maybe_catch_panic
Dec 03 06:18:19.830 INFO [stdout]                                at libpanic_unwind/lib.rs:102
Dec 03 06:18:19.830 INFO [stdout]   13:     0x556a65555902 - std::sys_common::backtrace::__rust_begin_short_backtrace::hb8f0d0309526c184
Dec 03 06:18:19.830 INFO [stdout]                                at libstd/panicking.rs:289
Dec 03 06:18:19.830 INFO [stdout]                                at libstd/panic.rs:392
Dec 03 06:18:19.830 INFO [stdout]                                at libtest/lib.rs:1423
Dec 03 06:18:19.830 INFO [stdout]                                at libstd/sys_common/backtrace.rs:136
Dec 03 06:18:19.830 INFO [stdout]   14:     0x556a655563b4 - std::panicking::try::do_call::hc2f7c8b9a348d8db
Dec 03 06:18:19.830 INFO [stdout]                                at libstd/thread/mod.rs:409
Dec 03 06:18:19.830 INFO [stdout]                                at libstd/panic.rs:313
Dec 03 06:18:19.830 INFO [stdout]                                at libstd/panicking.rs:310
Dec 03 06:18:19.830 INFO [stdout]   15:     0x556a655c7f09 - __rust_maybe_catch_panic
Dec 03 06:18:19.830 INFO [stdout]                                at libpanic_unwind/lib.rs:102
Dec 03 06:18:19.830 INFO [stdout]   16:     0x556a655435ec - <F as alloc::boxed::FnBox<A>>::call_box::h6bfded618e480b32
Dec 03 06:18:19.830 INFO [stdout]                                at libstd/panicking.rs:289
Dec 03 06:18:19.830 INFO [stdout]                                at libstd/panic.rs:392
Dec 03 06:18:19.830 INFO [stdout]                                at libstd/thread/mod.rs:408
Dec 03 06:18:19.830 INFO [stdout]                                at liballoc/boxed.rs:672
Dec 03 06:18:19.830 INFO [stdout]   17:     0x556a655b5b2d - std::sys_common::thread::start_thread::h4c28257d67cdf9cb
Dec 03 06:18:19.830 INFO [stdout]                                at liballoc/boxed.rs:682
Dec 03 06:18:19.830 INFO [stdout]                                at libstd/sys_common/thread.rs:24
Dec 03 06:18:19.830 INFO [stdout]   18:     0x556a655ab045 - std::sys::unix::thread::Thread::new::thread_start::hfecb2e7eff8fd34f
Dec 03 06:18:19.830 INFO [stdout]                                at libstd/sys/unix/thread.rs:90
Dec 03 06:18:19.830 INFO [stdout]   19:     0x7fe2a77136b9 - start_thread
Dec 03 06:18:19.830 INFO [stdout]   20:     0x7fe2a723341c - clone
Dec 03 06:18:19.830 INFO [stdout]   21:                0x0 - <unknown>
Dec 03 06:18:19.830 INFO [stdout] 
Dec 03 06:18:19.830 INFO [stdout] ---- test_head_02 stdout ----
Dec 03 06:18:19.830 INFO [stdout] thread 'test_head_02' panicked at 'assertion failed: `(left == right)`
Dec 03 06:18:19.830 INFO [stdout]   left: `"<html>\r\n<head>\r\n<title>\r\nYour Website\r\n</title>\r\n<meta content=\'\' name=\'description\'>\r\n<meta content=\'\' name=\'author\'>\r\n<meta content=\'3 days\' name=\'revisit-after\'>\r\n<link href=\'http://creativecommons.org/licenses/by/3.0/\' rel=\'license\' title=\'Creative Commons Attribution 3.0 Unported License\'>\r\n<link href=\'/feed\' rel=\'alternate\' title=\'Atom\' type=\'application/atom+xml\'>\r\n<link href=\'/css/screen.css\' media=\'screen\' rel=\'stylesheet\'>\r\n</head>\r\n</html>\r\n"`,
Dec 03 06:18:19.830 INFO [stdout]  right: `"<html>\n<head>\n<title>\nYour Website\n</title>\n<meta content=\'\' name=\'description\'>\n<meta content=\'\' name=\'author\'>\n<meta content=\'3 days\' name=\'revisit-after\'>\n<link href=\'http://creativecommons.org/licenses/by/3.0/\' rel=\'license\' title=\'Creative Commons Attribution 3.0 Unported License\'>\n<link href=\'/feed\' rel=\'alternate\' title=\'Atom\' type=\'application/atom+xml\'>\n<link href=\'/css/screen.css\' media=\'screen\' rel=\'stylesheet\'>\n</head>\n</html>\n"`', tests/basic_tests.rs:8:5
Dec 03 06:18:19.830 INFO [stdout] stack backtrace:
Dec 03 06:18:19.830 INFO [stdout]    0:     0x556a655b3f0f - std::sys::unix::backtrace::tracing::imp::unwind_backtrace::h3a8b83e1922cbdde
Dec 03 06:18:19.830 INFO [stdout]                                at libstd/sys/unix/backtrace/tracing/gcc_s.rs:49
Dec 03 06:18:19.830 INFO [stdout]    1:     0x556a655bcf57 - std::sys_common::backtrace::print::h00d3155a29b4020f
Dec 03 06:18:19.830 INFO [stdout]                                at libstd/sys_common/backtrace.rs:71
Dec 03 06:18:19.830 INFO [stdout]                                at libstd/sys_common/backtrace.rs:59
Dec 03 06:18:19.830 INFO [stdout]    2:     0x556a655b7c3f - std::panicking::default_hook::{{closure}}::hd7465c742e79e1bb
Dec 03 06:18:19.830 INFO [stdout]                                at libstd/panicking.rs:211
Dec 03 06:18:19.830 INFO [stdout]    3:     0x556a655b793e - std::panicking::default_hook::h9e3966f2aa2a6e12
Dec 03 06:18:19.830 INFO [stdout]                                at libstd/panicking.rs:221
Dec 03 06:18:19.830 INFO [stdout]    4:     0x556a655b831e - std::panicking::rust_panic_with_hook::h587f091ae747d080
Dec 03 06:18:19.830 INFO [stdout]                                at libstd/panicking.rs:476
Dec 03 06:18:19.830 INFO [stdout]    5:     0x556a655b7ec1 - std::panicking::continue_panic_fmt::hb3a4fdede87f43a8
Dec 03 06:18:19.830 INFO [stdout]                                at libstd/panicking.rs:390
Dec 03 06:18:19.830 INFO [stdout]    6:     0x556a655b7e0e - std::panicking::begin_panic_fmt::h387afc7da9a10555
Dec 03 06:18:19.830 INFO [stdout]                                at libstd/panicking.rs:345
Dec 03 06:18:19.830 INFO [stdout]    7:     0x556a6552f3f6 - basic_tests::test::hb7f6e58c5e50a3ed
Dec 03 06:18:19.830 INFO [stdout]                                at tests/basic_tests.rs:8
Dec 03 06:18:19.830 INFO [stdout]    8:     0x556a6552f5f2 - basic_tests::test_head_02::h51056c5362c3e3c6
Dec 03 06:18:19.830 INFO [stdout]                                at tests/basic_tests.rs:36
Dec 03 06:18:19.830 INFO [stdout]    9:     0x556a6552f5b9 - basic_tests::test_head_02::{{closure}}::h267c7333b522e833
Dec 03 06:18:19.830 INFO [stdout]                                at tests/basic_tests.rs:35
Dec 03 06:18:19.830 INFO [stdout]   10:     0x556a65530b3d - core::ops::function::FnOnce::call_once::ha37e5896d5e70e4d
Dec 03 06:18:19.830 INFO [stdout]                                at libcore/ops/function.rs:238
Dec 03 06:18:19.830 INFO [stdout]   11:     0x556a65533cae - <F as alloc::boxed::FnBox<A>>::call_box::hac903f91577a156c
Dec 03 06:18:19.830 INFO [stdout]                                at libtest/lib.rs:1468
Dec 03 06:18:19.830 INFO [stdout]                                at libcore/ops/function.rs:238
Dec 03 06:18:19.830 INFO [stdout]                                at liballoc/boxed.rs:672
Dec 03 06:18:19.830 INFO [stdout]   12:     0x556a655c7f09 - __rust_maybe_catch_panic
Dec 03 06:18:19.830 INFO [stdout]                                at libpanic_unwind/lib.rs:102
Dec 03 06:18:19.830 INFO [stdout]   13:     0x556a65555902 - std::sys_common::backtrace::__rust_begin_short_backtrace::hb8f0d0309526c184
Dec 03 06:18:19.830 INFO [stdout]                                at libstd/panicking.rs:289
Dec 03 06:18:19.830 INFO [stdout]                                at libstd/panic.rs:392
Dec 03 06:18:19.830 INFO [stdout]                                at libtest/lib.rs:1423
Dec 03 06:18:19.830 INFO [stdout]                                at libstd/sys_common/backtrace.rs:136
Dec 03 06:18:19.830 INFO [stdout]   14:     0x556a655563b4 - std::panicking::try::do_call::hc2f7c8b9a348d8db
Dec 03 06:18:19.830 INFO [stdout]                                at libstd/thread/mod.rs:409
Dec 03 06:18:19.830 INFO [stdout]                                at libstd/panic.rs:313
Dec 03 06:18:19.830 INFO [stdout]                                at libstd/panicking.rs:310
Dec 03 06:18:19.830 INFO [stdout]   15:     0x556a655c7f09 - __rust_maybe_catch_panic
Dec 03 06:18:19.830 INFO [stdout]                                at libpanic_unwind/lib.rs:102
Dec 03 06:18:19.830 INFO [stdout]   16:     0x556a655435ec - <F as alloc::boxed::FnBox<A>>::call_box::h6bfded618e480b32
Dec 03 06:18:19.830 INFO [stdout]                                at libstd/panicking.rs:289
Dec 03 06:18:19.830 INFO [stdout]                                at libstd/panic.rs:392
Dec 03 06:18:19.830 INFO [stdout]                                at libstd/thread/mod.rs:408
Dec 03 06:18:19.830 INFO [stdout]                                at liballoc/boxed.rs:672
Dec 03 06:18:19.830 INFO [stdout]   17:     0x556a655b5b2d - std::sys_common::thread::start_thread::h4c28257d67cdf9cb
Dec 03 06:18:19.830 INFO [stdout]                                at liballoc/boxed.rs:682
Dec 03 06:18:19.830 INFO [stdout]                                at libstd/sys_common/thread.rs:24
Dec 03 06:18:19.830 INFO [stdout]   18:     0x556a655ab045 - std::sys::unix::thread::Thread::new::thread_start::hfecb2e7eff8fd34f
Dec 03 06:18:19.831 INFO [stdout]                                at libstd/sys/unix/thread.rs:90
Dec 03 06:18:19.831 INFO [stdout]   19:     0x7fe2a77136b9 - start_thread
Dec 03 06:18:19.831 INFO [stdout]   20:     0x7fe2a723341c - clone
Dec 03 06:18:19.831 INFO [stdout]   21:                0x0 - <unknown>
Dec 03 06:18:19.831 INFO [stdout] 
Dec 03 06:18:19.831 INFO [stdout] ---- test_ruby_attributes stdout ----
Dec 03 06:18:19.831 INFO [stdout] thread 'test_ruby_attributes' panicked at 'assertion failed: `(left == right)`
Dec 03 06:18:19.831 INFO [stdout]   left: `"<!DOCTYPE html>\r\n<div class=\'container\'>\r\n<span class=\'box\' id=\'test\'>\r\nTest\r\n<a class=\'button active-link\' href=\'http://www.google.com\'>\r\nGoogle\r\n</a>\r\n</span>\r\n</div>\r\n"`,
Dec 03 06:18:19.831 INFO [stdout]  right: `"<!DOCTYPE html>\n<div class=\'container\'>\n<span class=\'box\' id=\'test\'>\nTest\n<a class=\'button active-link\' href=\'http://www.google.com\'>\nGoogle\n</a>\n</span>\n</div>\n"`', tests/basic_tests.rs:8:5
Dec 03 06:18:19.831 INFO [stdout] stack backtrace:
Dec 03 06:18:19.831 INFO [stdout]    0:     0x556a655b3f0f - std::sys::unix::backtrace::tracing::imp::unwind_backtrace::h3a8b83e1922cbdde
Dec 03 06:18:19.831 INFO [stdout]                                at libstd/sys/unix/backtrace/tracing/gcc_s.rs:49
Dec 03 06:18:19.831 INFO [stdout]    1:     0x556a655bcf57 - std::sys_common::backtrace::print::h00d3155a29b4020f
Dec 03 06:18:19.831 INFO [stdout]                                at libstd/sys_common/backtrace.rs:71
Dec 03 06:18:19.831 INFO [stdout]                                at libstd/sys_common/backtrace.rs:59
Dec 03 06:18:19.831 INFO [stdout]    2:     0x556a655b7c3f - std::panicking::default_hook::{{closure}}::hd7465c742e79e1bb
Dec 03 06:18:19.831 INFO [stdout]                                at libstd/panicking.rs:211
Dec 03 06:18:19.831 INFO [stdout]    3:     0x556a655b793e - std::panicking::default_hook::h9e3966f2aa2a6e12
Dec 03 06:18:19.831 INFO [stdout]                                at libstd/panicking.rs:221
Dec 03 06:18:19.831 INFO [stdout]    4:     0x556a655b831e - std::panicking::rust_panic_with_hook::h587f091ae747d080
Dec 03 06:18:19.831 INFO [stdout]                                at libstd/panicking.rs:476
Dec 03 06:18:19.831 INFO [stdout]    5:     0x556a655b7ec1 - std::panicking::continue_panic_fmt::hb3a4fdede87f43a8
Dec 03 06:18:19.831 INFO [stdout]                                at libstd/panicking.rs:390
Dec 03 06:18:19.831 INFO [stdout]    6:     0x556a655b7e0e - std::panicking::begin_panic_fmt::h387afc7da9a10555
Dec 03 06:18:19.831 INFO [stdout]                                at libstd/panicking.rs:345
Dec 03 06:18:19.831 INFO [stdout]    7:     0x556a6552f3f6 - basic_tests::test::hb7f6e58c5e50a3ed
Dec 03 06:18:19.831 INFO [stdout]                                at tests/basic_tests.rs:8
Dec 03 06:18:19.831 INFO [stdout]    8:     0x556a6552f552 - basic_tests::test_ruby_attributes::hc360de1946248e61
Dec 03 06:18:19.831 INFO [stdout]                                at tests/basic_tests.rs:23
Dec 03 06:18:19.831 INFO [stdout]    9:     0x556a6552f519 - basic_tests::test_ruby_attributes::{{closure}}::h397e6c3d52c6aa79
Dec 03 06:18:19.831 INFO [stdout]                                at tests/basic_tests.rs:22
Dec 03 06:18:19.831 INFO [stdout]   10:     0x556a65530abd - core::ops::function::FnOnce::call_once::h62fd0d405e6cd810
Dec 03 06:18:19.831 INFO [stdout]                                at libcore/ops/function.rs:238
Dec 03 06:18:19.831 INFO [stdout]   11:     0x556a65533cae - <F as alloc::boxed::FnBox<A>>::call_box::hac903f91577a156c
Dec 03 06:18:19.831 INFO [stdout]                                at libtest/lib.rs:1468
Dec 03 06:18:19.831 INFO [stdout]                                at libcore/ops/function.rs:238
Dec 03 06:18:19.831 INFO [stdout]                                at liballoc/boxed.rs:672
Dec 03 06:18:19.831 INFO [stdout]   12:     0x556a655c7f09 - __rust_maybe_catch_panic
Dec 03 06:18:19.831 INFO [stdout]                                at libpanic_unwind/lib.rs:102
Dec 03 06:18:19.831 INFO [stdout]   13:     0x556a65555902 - std::sys_common::backtrace::__rust_begin_short_backtrace::hb8f0d0309526c184
Dec 03 06:18:19.831 INFO [stdout]                                at libstd/panicking.rs:289
Dec 03 06:18:19.831 INFO [stdout]                                at libstd/panic.rs:392
Dec 03 06:18:19.831 INFO [stdout]                                at libtest/lib.rs:1423
Dec 03 06:18:19.831 INFO [stdout]                                at libstd/sys_common/backtrace.rs:136
Dec 03 06:18:19.831 INFO [stdout]   14:     0x556a655563b4 - std::panicking::try::do_call::hc2f7c8b9a348d8db
Dec 03 06:18:19.831 INFO [stdout]                                at libstd/thread/mod.rs:409
Dec 03 06:18:19.831 INFO [stdout]                                at libstd/panic.rs:313
Dec 03 06:18:19.831 INFO [stdout]                                at libstd/panicking.rs:310
Dec 03 06:18:19.831 INFO [stdout]   15:     0x556a655c7f09 - __rust_maybe_catch_panic
Dec 03 06:18:19.831 INFO [stdout]                                at libpanic_unwind/lib.rs:102
Dec 03 06:18:19.831 INFO [stdout]   16:     0x556a655435ec - <F as alloc::boxed::FnBox<A>>::call_box::h6bfded618e480b32
Dec 03 06:18:19.831 INFO [stdout]                                at libstd/panicking.rs:289
Dec 03 06:18:19.831 INFO [stdout]                                at libstd/panic.rs:392
Dec 03 06:18:19.831 INFO [stdout]                                at libstd/thread/mod.rs:408
Dec 03 06:18:19.831 INFO [stdout]                                at liballoc/boxed.rs:672
Dec 03 06:18:19.831 INFO [stdout]   17:     0x556a655b5b2d - std::sys_common::thread::start_thread::h4c28257d67cdf9cb
Dec 03 06:18:19.831 INFO [stdout]                                at liballoc/boxed.rs:682
Dec 03 06:18:19.831 INFO [stdout]                                at libstd/sys_common/thread.rs:24
Dec 03 06:18:19.831 INFO [stdout]   18:     0x556a655ab045 - std::sys::unix::thread::Thread::new::thread_start::hfecb2e7eff8fd34f
Dec 03 06:18:19.831 INFO [stdout]                                at libstd/sys/unix/thread.rs:90
Dec 03 06:18:19.831 INFO [stdout]   19:     0x7fe2a77136b9 - start_thread
Dec 03 06:18:19.831 INFO [stdout]   20:     0x7fe2a723341c - clone
Dec 03 06:18:19.831 INFO [stdout]   21:                0x0 - <unknown>
Dec 03 06:18:19.831 INFO [stdout] 
Dec 03 06:18:19.831 INFO [stdout] ---- test_basic_haml stdout ----
Dec 03 06:18:19.831 INFO [stdout] thread 'test_basic_haml' panicked at 'assertion failed: `(left == right)`
Dec 03 06:18:19.831 INFO [stdout]   left: `"<!DOCTYPE html>\r\n<div>\r\nTest\r\n</div>\r\n"`,
Dec 03 06:18:19.831 INFO [stdout]  right: `"<!DOCTYPE html>\n<div>\nTest\n</div>\n"`', tests/basic_tests.rs:8:5
Dec 03 06:18:19.831 INFO [stdout] stack backtrace:
Dec 03 06:18:19.831 INFO [stdout]    0:     0x556a655b3f0f - std::sys::unix::backtrace::tracing::imp::unwind_backtrace::h3a8b83e1922cbdde
Dec 03 06:18:19.831 INFO [stdout]                                at libstd/sys/unix/backtrace/tracing/gcc_s.rs:49
Dec 03 06:18:19.831 INFO [stdout]    1:     0x556a655bcf57 - std::sys_common::backtrace::print::h00d3155a29b4020f
Dec 03 06:18:19.831 INFO [stdout]                                at libstd/sys_common/backtrace.rs:71
Dec 03 06:18:19.831 INFO [stdout]                                at libstd/sys_common/backtrace.rs:59
Dec 03 06:18:19.831 INFO [stdout]    2:     0x556a655b7c3f - std::panicking::default_hook::{{closure}}::hd7465c742e79e1bb
Dec 03 06:18:19.831 INFO [stdout]                                at libstd/panicking.rs:211
Dec 03 06:18:19.831 INFO [stdout]    3:     0x556a655b793e - std::panicking::default_hook::h9e3966f2aa2a6e12
Dec 03 06:18:19.831 INFO [stdout]                                at libstd/panicking.rs:221
Dec 03 06:18:19.831 INFO [stdout]    4:     0x556a655b831e - std::panicking::rust_panic_with_hook::h587f091ae747d080
Dec 03 06:18:19.831 INFO [stdout]                                at libstd/panicking.rs:476
Dec 03 06:18:19.831 INFO [stdout]    5:     0x556a655b7ec1 - std::panicking::continue_panic_fmt::hb3a4fdede87f43a8
Dec 03 06:18:19.831 INFO [stdout]                                at libstd/panicking.rs:390
Dec 03 06:18:19.832 INFO [stdout]    6:     0x556a655b7e0e - std::panicking::begin_panic_fmt::h387afc7da9a10555
Dec 03 06:18:19.832 INFO [stdout]                                at libstd/panicking.rs:345
Dec 03 06:18:19.832 INFO [stdout]    7:     0x556a6552f3f6 - basic_tests::test::hb7f6e58c5e50a3ed
Dec 03 06:18:19.832 INFO [stdout]                                at tests/basic_tests.rs:8
Dec 03 06:18:19.832 INFO [stdout]    8:     0x556a6552f4b2 - basic_tests::test_basic_haml::h882dc59205e99939
Dec 03 06:18:19.832 INFO [stdout]                                at tests/basic_tests.rs:13
Dec 03 06:18:19.832 INFO [stdout]    9:     0x556a6552f479 - basic_tests::test_basic_haml::{{closure}}::h0ecc041b986d6b2e
Dec 03 06:18:19.832 INFO [stdout]                                at tests/basic_tests.rs:12
Dec 03 06:18:19.832 INFO [stdout]   10:     0x556a65530b7d - core::ops::function::FnOnce::call_once::hcd4e0f8e6bff5c24
Dec 03 06:18:19.832 INFO [stdout]                                at libcore/ops/function.rs:238
Dec 03 06:18:19.832 INFO [stdout]   11:     0x556a65533cae - <F as alloc::boxed::FnBox<A>>::call_box::hac903f91577a156c
Dec 03 06:18:19.832 INFO [stdout]                                at libtest/lib.rs:1468
Dec 03 06:18:19.832 INFO [stdout]                                at libcore/ops/function.rs:238
Dec 03 06:18:19.832 INFO [stdout]                                at liballoc/boxed.rs:672
Dec 03 06:18:19.832 INFO [stdout]   12:     0x556a655c7f09 - __rust_maybe_catch_panic
Dec 03 06:18:19.832 INFO [stdout]                                at libpanic_unwind/lib.rs:102
Dec 03 06:18:19.832 INFO [stdout]   13:     0x556a65555902 - std::sys_common::backtrace::__rust_begin_short_backtrace::hb8f0d0309526c184
Dec 03 06:18:19.832 INFO [stdout]                                at libstd/panicking.rs:289
Dec 03 06:18:19.832 INFO [stdout]                                at libstd/panic.rs:392
Dec 03 06:18:19.832 INFO [stdout]                                at libtest/lib.rs:1423
Dec 03 06:18:19.832 INFO [stdout]                                at libstd/sys_common/backtrace.rs:136
Dec 03 06:18:19.832 INFO [stdout]   14:     0x556a655563b4 - std::panicking::try::do_call::hc2f7c8b9a348d8db
Dec 03 06:18:19.832 INFO [stdout]                                at libstd/thread/mod.rs:409
Dec 03 06:18:19.832 INFO [stdout]                                at libstd/panic.rs:313
Dec 03 06:18:19.832 INFO [stdout]                                at libstd/panicking.rs:310
Dec 03 06:18:19.832 INFO [stdout]   15:     0x556a655c7f09 - __rust_maybe_catch_panic
Dec 03 06:18:19.832 INFO [stdout]                                at libpanic_unwind/lib.rs:102
Dec 03 06:18:19.832 INFO [stdout]   16:     0x556a655435ec - <F as alloc::boxed::FnBox<A>>::call_box::h6bfded618e480b32
Dec 03 06:18:19.832 INFO [stdout]                                at libstd/panicking.rs:289
Dec 03 06:18:19.832 INFO [stdout]                                at libstd/panic.rs:392
Dec 03 06:18:19.832 INFO [stdout]                                at libstd/thread/mod.rs:408
Dec 03 06:18:19.832 INFO [stdout]                                at liballoc/boxed.rs:672
Dec 03 06:18:19.832 INFO [stdout]   17:     0x556a655b5b2d - std::sys_common::thread::start_thread::h4c28257d67cdf9cb
Dec 03 06:18:19.832 INFO [stdout]                                at liballoc/boxed.rs:682
Dec 03 06:18:19.832 INFO [stdout]                                at libstd/sys_common/thread.rs:24
Dec 03 06:18:19.832 INFO [stdout]   18:     0x556a655ab045 - std::sys::unix::thread::Thread::new::thread_start::hfecb2e7eff8fd34f
Dec 03 06:18:19.832 INFO [stdout]                                at libstd/sys/unix/thread.rs:90
Dec 03 06:18:19.832 INFO [stdout]   19:     0x7fe2a77136b9 - start_thread
Dec 03 06:18:19.832 INFO [stdout]   20:     0x7fe2a723341c - clone
Dec 03 06:18:19.832 INFO [stdout]   21:                0x0 - <unknown>
Dec 03 06:18:19.832 INFO [stdout] 
Dec 03 06:18:19.832 INFO [stdout] ---- test_comments_03 stdout ----
Dec 03 06:18:19.832 INFO [stdout] thread 'test_comments_03' panicked at 'assertion failed: `(left == right)`
Dec 03 06:18:19.832 INFO [stdout]   left: `"<head>\r\n<!-- This is a comment -->\r\nThis is not a comment\r\n</head>\r\n"`,
Dec 03 06:18:19.832 INFO [stdout]  right: `"<head>\n<!-- This is a comment -->\nThis is not a comment\n</head>\n"`', tests/basic_tests.rs:8:5
Dec 03 06:18:19.832 INFO [stdout] stack backtrace:
Dec 03 06:18:19.832 INFO [stdout]    0:     0x556a655b3f0f - std::sys::unix::backtrace::tracing::imp::unwind_backtrace::h3a8b83e1922cbdde
Dec 03 06:18:19.832 INFO [stdout]                                at libstd/sys/unix/backtrace/tracing/gcc_s.rs:49
Dec 03 06:18:19.832 INFO [stdout]    1:     0x556a655bcf57 - std::sys_common::backtrace::print::h00d3155a29b4020f
Dec 03 06:18:19.832 INFO [stdout]                                at libstd/sys_common/backtrace.rs:71
Dec 03 06:18:19.832 INFO [stdout]                                at libstd/sys_common/backtrace.rs:59
Dec 03 06:18:19.832 INFO [stdout]    2:     0x556a655b7c3f - std::panicking::default_hook::{{closure}}::hd7465c742e79e1bb
Dec 03 06:18:19.832 INFO [stdout]                                at libstd/panicking.rs:211
Dec 03 06:18:19.832 INFO [stdout]    3:     0x556a655b793e - std::panicking::default_hook::h9e3966f2aa2a6e12
Dec 03 06:18:19.832 INFO [stdout]                                at libstd/panicking.rs:221
Dec 03 06:18:19.832 INFO [stdout]    4:     0x556a655b831e - std::panicking::rust_panic_with_hook::h587f091ae747d080
Dec 03 06:18:19.832 INFO [stdout]                                at libstd/panicking.rs:476
Dec 03 06:18:19.832 INFO [stdout]    5:     0x556a655b7ec1 - std::panicking::continue_panic_fmt::hb3a4fdede87f43a8
Dec 03 06:18:19.832 INFO [stdout]                                at libstd/panicking.rs:390
Dec 03 06:18:19.832 INFO [stdout]    6:     0x556a655b7e0e - std::panicking::begin_panic_fmt::h387afc7da9a10555
Dec 03 06:18:19.832 INFO [stdout]                                at libstd/panicking.rs:345
Dec 03 06:18:19.832 INFO [stdout]    7:     0x556a6552f3f6 - basic_tests::test::hb7f6e58c5e50a3ed
Dec 03 06:18:19.832 INFO [stdout]                                at tests/basic_tests.rs:8
Dec 03 06:18:19.832 INFO [stdout]    8:     0x556a6552f642 - basic_tests::test_comments_03::h59d5dff2f3cd3d43
Dec 03 06:18:19.832 INFO [stdout]                                at tests/basic_tests.rs:41
Dec 03 06:18:19.832 INFO [stdout]    9:     0x556a6552f609 - basic_tests::test_comments_03::{{closure}}::h08843d50ff18aaa6
Dec 03 06:18:19.832 INFO [stdout]                                at tests/basic_tests.rs:40
Dec 03 06:18:19.832 INFO [stdout]   10:     0x556a65530bbd - core::ops::function::FnOnce::call_once::hdc5319bc1504ff65
Dec 03 06:18:19.832 INFO [stdout]                                at libcore/ops/function.rs:238
Dec 03 06:18:19.832 INFO [stdout]   11:     0x556a65533cae - <F as alloc::boxed::FnBox<A>>::call_box::hac903f91577a156c
Dec 03 06:18:19.832 INFO [stdout]                                at libtest/lib.rs:1468
Dec 03 06:18:19.832 INFO [stdout]                                at libcore/ops/function.rs:238
Dec 03 06:18:19.832 INFO [stdout]                                at liballoc/boxed.rs:672
Dec 03 06:18:19.832 INFO [stdout]   12:     0x556a655c7f09 - __rust_maybe_catch_panic
Dec 03 06:18:19.832 INFO [stdout]                                at libpanic_unwind/lib.rs:102
Dec 03 06:18:19.832 INFO [stdout]   13:     0x556a65555902 - std::sys_common::backtrace::__rust_begin_short_backtrace::hb8f0d0309526c184
Dec 03 06:18:19.832 INFO [stdout]                                at libstd/panicking.rs:289
Dec 03 06:18:19.832 INFO [stdout]                                at libstd/panic.rs:392
Dec 03 06:18:19.832 INFO [stdout]                                at libtest/lib.rs:1423
Dec 03 06:18:19.832 INFO [stdout]                                at libstd/sys_common/backtrace.rs:136
Dec 03 06:18:19.832 INFO [stdout]   14:     0x556a655563b4 - std::panicking::try::do_call::hc2f7c8b9a348d8db
Dec 03 06:18:19.832 INFO [stdout]                                at libstd/thread/mod.rs:409
Dec 03 06:18:19.833 INFO [stdout]                                at libstd/panic.rs:313
Dec 03 06:18:19.833 INFO [stdout]                                at libstd/panicking.rs:310
Dec 03 06:18:19.833 INFO [stdout]   15:     0x556a655c7f09 - __rust_maybe_catch_panic
Dec 03 06:18:19.833 INFO [stdout]                                at libpanic_unwind/lib.rs:102
Dec 03 06:18:19.833 INFO [stdout]   16:     0x556a655435ec - <F as alloc::boxed::FnBox<A>>::call_box::h6bfded618e480b32
Dec 03 06:18:19.833 INFO [stdout]                                at libstd/panicking.rs:289
Dec 03 06:18:19.833 INFO [stdout]                                at libstd/panic.rs:392
Dec 03 06:18:19.833 INFO [stdout]                                at libstd/thread/mod.rs:408
Dec 03 06:18:19.833 INFO [stdout]                                at liballoc/boxed.rs:672
Dec 03 06:18:19.833 INFO [stdout]   17:     0x556a655b5b2d - std::sys_common::thread::start_thread::h4c28257d67cdf9cb
Dec 03 06:18:19.833 INFO [stdout]                                at liballoc/boxed.rs:682
Dec 03 06:18:19.833 INFO [stdout]                                at libstd/sys_common/thread.rs:24
Dec 03 06:18:19.833 INFO [stdout]   18:     0x556a655ab045 - std::sys::unix::thread::Thread::new::thread_start::hfecb2e7eff8fd34f
Dec 03 06:18:19.833 INFO [stdout]                                at libstd/sys/unix/thread.rs:90
Dec 03 06:18:19.833 INFO [stdout]   19:     0x7fe2a77136b9 - start_thread
Dec 03 06:18:19.833 INFO [stdout]   20:     0x7fe2a723341c - clone
Dec 03 06:18:19.833 INFO [stdout]   21:                0x0 - <unknown>
Dec 03 06:18:19.833 INFO [stdout] 
Dec 03 06:18:19.833 INFO [stdout] 
Dec 03 06:18:19.833 INFO [stdout] failures:
Dec 03 06:18:19.833 INFO [stdout]     test_basic_01
Dec 03 06:18:19.833 INFO [stdout]     test_basic_haml
Dec 03 06:18:19.833 INFO [stdout]     test_comments_03
Dec 03 06:18:19.833 INFO [stdout]     test_custom_elements
Dec 03 06:18:19.833 INFO [stdout]     test_head_02
Dec 03 06:18:19.833 INFO [stdout]     test_ruby_attributes
Dec 03 06:18:19.833 INFO [stdout] 
Dec 03 06:18:19.833 INFO [stdout] test result: FAILED. 1 passed; 6 failed; 0 ignored; 0 measured; 0 filtered out
Dec 03 06:18:19.833 INFO [stdout] 
Dec 03 06:18:20.340 INFO running `"docker" "inspect" "ade2568c4c045a9a341e11050920442f8fb53804cb169b1cc05274af138dfb1c"`
Dec 03 06:18:20.576 INFO running `"docker" "rm" "-f" "ade2568c4c045a9a341e11050920442f8fb53804cb169b1cc05274af138dfb1c"`
Dec 03 06:18:21.046 INFO [stdout] ade2568c4c045a9a341e11050920442f8fb53804cb169b1cc05274af138dfb1c
